d) = 468*d**3 - 7*d**2 - 42*d + 2. Is q(5) prime?
False
Suppose -5*k - 2*h = -2402359, -4*h + 1062391 + 1339962 = 5*k. Is k a prime number?
False
Suppose -3020 = -9*c - 56687. Let k = c - -9126. Is k prime?
True
Let a = 534 - 542. Is a + 2750/(-5 + 7) a prime number?
True
Let m = -86 + 89. Suppose 0 = k + 5, w + w - m*k = 13. Is (-3 - w)/(-6) - 2918/(-3) a composite number?
True
Suppose 5*p + 140 - 365 = 0. Is (-2)/3 - (-340275)/p prime?
True
Suppose -2*r - 8 + 33 = 3*c, c - 25 = -4*r. Let d(f) = 561*f**2 + f + 17. Is d(r) prime?
False
Let q(y) = y**2 - 12*y + 20. Let g be q(10). Let c be -11*4 - g/(-9). Let k = c - -63. Is k a prime number?
True
Let z(r) = 546*r - 10. Suppose 0 = 16*m - 555 - 1269. Suppose -110*a + m*a - 8 = 0. Is z(a) a prime number?
False
Is (-6)/8 - (-8)/(672/383187) prime?
True
Suppose 28 = 20*r - 24*r. Let m(w) = -w**3 - 8*w**2 - 11*w - 23. Let b be m(r). Suppose b*j = -d + 228 + 508, -9 = 3*j. Is d a composite number?
False
Let i be ((-6)/4)/((-4)/(-56)). Let l = i - -33. Let t(m) = 2*m**3 - 12*m**2 + 4*m + 5. Is t(l) a prime number?
False
Suppose -5575 = -d - p, 3*d + 4*p - 16355 = 366. Is d prime?
False
Let p = 40793 - -39162. Is p a prime number?
False
Let t(k) = 36 - 6 + 1512*k + 45 - 11 - 7. Is t(3) composite?
True
Suppose 4*x = -20, -x = 3*y + 10154 - 1770. Let q be 1/5 + 12/(-20)*y. Suppose 4*t = -0*t + q. Is t composite?
False
Let p(u) = -50*u**3 + 36*u**2 - 12*u - 66. Is p(-16) prime?
False
Suppose 3*o = 14*h - 18*h + 270227, -h + 270230 = 3*o. Suppose 17*f - o - 150762 = 0. Is f prime?
False
Suppose -4*z + 45297 + 4523 = 0. Is ((-4)/4*2)/((-10)/z) a prime number?
False
Is 4/10 + 16 + 14333319/65 prime?
True
Let n(u) = u**2 - 4*u + 7. Suppose 8*k - 28 + 4 = 0. Let x be n(k). Suppose x*t - 18438 = -2*t. Is t a composite number?
True
Suppose -4*u - 1 = 4*w - 29, -3*u = 2*w - 19. Suppose -2*k - 35780 + 9546 = -3*m, 26228 = 3*m - u*k. Is m prime?
False
Suppose 0 = 26*m - 14*m - 60. Suppose m*q + 3*j - 5343 = 2*j, 3*q + j = 3205. Is q composite?
False
Suppose -7*p - 38454 = -20*p. Suppose -4*j + 7026 = 2*x, 2*j = 5*x - p - 14559. Is x a composite number?
True
Let h(y) = -34286*y + 291. Is h(-2) a composite number?
False
Let t(o) = -321*o - 3. Let h be t(-6). Let s be (30/9)/(((-32)/12)/(-8)). Suppose 7*w - s*w + h = 0. Is w a composite number?
False
Suppose 1893 + 10449 = -17*k. Let w = k - -1169. Is w a composite number?
False
Let o = 60412 + 7567. Is o composite?
False
Let d(o) = 7*o + 9. Let c be d(-2). Let b = -2 - c. Is 59*b - 7/(-7) a prime number?
False
Let o(a) = a**2 - 11*a - 25. Suppose -3*h + 10 = 1. Let b be h/(-6) - (-2 - 76/(-8)). Is o(b) prime?
True
Let k be 4 + (-30)/9 + 56/(-12). Let o(t) = -84*t**3 - 8*t - 51. Is o(k) prime?
False
Let k(b) = -14*b**3 + 10*b**2 - 5*b + 8. Let z(x) = x**3 - 2*x**2 + x + 1. Let n(a) = k(a) + 5*z(a). Is n(-8) composite?
False
Suppose 0 = -0*a + a - 7. Let l be 736 + 44/7 + 42/(-147). Suppose 3*i - a*i - 4*y = -1424, 2*i - l = 4*y. Is i prime?
False
Suppose -40 = l + 4*l. Let x(q) = 4*q**2 - 9 + 45*q - 16*q - 2 - 17*q - 7*q. Is x(l) a composite number?
True
Let u be (-1)/(-1)*45/(-9)*3. Is 8/((-40)/u) + 1290 prime?
False
Let x be 96/(-9)*15/10. Is (12/16)/((-3)/x) + 14067 a prime number?
True
Let n = -599 + 739. Suppose -4*q + 25 = q. Suppose c + n = -4*a + 1083, 4700 = q*c + 5*a. Is c prime?
False
Let k be (30/(-9))/((-2)/3). Suppose 5*j + k*t - 160375 = 0, -5*j - 4*t + 227612 = 67239. Is j prime?
False
Let d(w) = 6268*w - 3611. Is d(45) prime?
False
Let n be (-14490)/(((-14)/12)/7). Suppose 16*h - 239764 = n. Is h prime?
False
Suppose -r + 497565 = -z, 2*z + 1347060 = 3*r - 145633. Is r composite?
True
Let j(t) be the first derivative of 5*t**4/2 + 20*t**3/3 - 5*t**2/2 + 19*t - 29. Let m be j(9). Suppose -4*l + 8*l - m = 0. Is l a composite number?
False
Let i(v) = -v**3 - 9*v**2 + 8*v - 16. Suppose -r - r + 2*z = 12, 0 = -3*r + 4*z - 14. Let u be i(r). Is (-5)/(u/(-4)) + 410 composite?
True
Let y = 4739104 + -3276755. Is y composite?
True
Let r = 7154614 + -4446269. Is r composite?
True
Suppose -5*x = -365 + 330. Is 3699 + 12/4 + x a prime number?
True
Let u(b) = 22*b - 63. Let w be u(3). Suppose 13172 = w*m - 24589. Is m a composite number?
True
Let h = -21 - -48. Suppose 32*v - h*v = 640. Let y = v + -90. Is y prime?
False
Let w(t) = -2*t**2 - 3*t + 11. Let n(a) = -a**2 - 1. Let s(i) = -n(i) + w(i). Let j be s(-5). Suppose 0 = -b, 0 = j*r + 2*r + 5*b - 2648. Is r a prime number?
False
Suppose 37 = 3*p - 5*o, p + o + 2 = 1. Suppose p*h = -q - 3 + 25, h + q - 4 = 0. Is 2691/15 - h*4/60 a composite number?
False
Is 30665305/33*30/50 a composite number?
False
Let z be (-2 + 2)/(5 + -3). Suppose -6*s + 5*f = -3*s, f = z. Suppose -3*i - i = 5*j - 91, s = -4*j - 2*i + 74. Is j prime?
True
Suppose a = -a + 2*f + 10, -5 = -a + 3*f. Suppose -a*d + 4*d = -45. Is 745/(-2)*(-54)/d prime?
False
Is (-11)/220 - 507861/(-20) a composite number?
True
Let o(g) = 1 + 3*g - 11*g + 5 + 5*g. Let x be o(0). Suppose -h = -2*t - 1009, 0 = -x*h + 3*h - 2*t + 3027. Is h composite?
False
Let r(l) = 14*l**2 + 13*l - 1. Suppose -4*f - 2*h - 10 = 0, 0 = -11*h + 7*h + 4. Is r(f) composite?
True
Let j(k) = 3*k + 22. Let r be j(-6). Suppose -r - 6 = -5*d. Is ((-11)/(-22))/(d/2036) a composite number?
False
Let f = -5 + -11. Let t(h) = -2*h**2 - 5*h - 10. Let p be t(-5). Let g = f - p. Is g a composite number?
False
Let m(t) = t + 4. Suppose 0 = -4*o + 3*d - 1, 0 = o - 4*o + 2*d. Let s be m(o). Suppose 0 = 3*c - s*c + 213. Is c prime?
True
Is 3/(((-9)/300702)/(1/(-2))) prime?
False
Is ((-1 - -12) + (-1190)/102)/((-4)/3096762) composite?
False
Let j be (-115)/(-23) - (-2 + -3 + 2). Suppose -17319 = -j*m + 5*m. Is m a composite number?
True
Suppose -2*h + 126 = 4*k, 19 = -h + 2*k + 102. Let n(d) = -15*d - 73. Let b be n(-5). Suppose t + b*t = -2*m + 209, t - h = -4*m. Is t composite?
True
Let d = 10794 + -6403. Is d prime?
True
Let p = 243 - 236. Is (p - -13642) + (0 - 4) composite?
True
Let v be 1/((-3)/2)*-15. Let r be 1*v/(-4)*(-24)/(-4). Is 914*(-5)/(r + 5) a prime number?
True
Let p(r) = 1204*r - 2542. Is p(11) prime?
False
Let q(c) = -807*c + 37. Suppose 22*n = 15*n - 14. Is q(n) composite?
True
Let d(g) = -g**3 - 53*g**2 + 1224*g + 89. Is d(-104) a prime number?
False
Let y(t) = -4*t**3 - t**2 - 12*t - 3. Let g be y(11). Let s = 10079 + g. Is s a composite number?
True
Let m(z) = -79*z**2 - 3*z + 44489. Is m(0) a composite number?
True
Let a = 369695 - -938857. Suppose 21*h = -3*h + a. Is h a prime number?
False
Let f(z) be the third derivative of -20*z**2 - 1/2*z**3 + 0 + 19/6*z**4 + 0*z. Is f(2) a prime number?
True
Let f(a) = -13*a + 29*a**2 - 10 - 28*a**2 + 17. Let c = -18 - -31. Is f(c) composite?
False
Let b = -4372 + 647835. Is b a composite number?
False
Let r = -57376 - -144341. Is r a prime number?
False
Suppose i = 17111 + 5105. Is i/24*18/(1 + 2) a composite number?
True
Suppose 24*f - 2466137 + 98033 = 0. Is f a composite number?
True
Let i be 40/4 - (-2 + 1). Let u = 5370 + 1161. Suppose i*v - 4*v = u. Is v composite?
True
Let u(d) = -1186*d**3 + 4*d + 11. Let h = -864 + 862. Is u(h) prime?
True
Is 58913712/1296 - (-10)/(-9) composite?
True
Let j(t) = 3*t**3 + 8*t**2 - 5. Let q be j(-3). Is ((45324/(-10))/3)/(q/35) prime?
False
Suppose 2*h = -h - 5*l - 35, -4 = l. Is h*(6 - 1083)*(-2)/(-6) a composite number?
True
Let x(w) = 12*w + 96. Let m be x(-8). Suppose -3*c + 5*r + 12994 = m, -52*c + 47*c = 4*r - 21669. Is c prime?
False
Let c be 4115/(10/2) - 4. Suppose 0 = -g - 4*f + c, -2*f - 2415 = -3*g - 0*g. Let h = g - -1352. Is h prime?
False
Suppose 0 = -2*j + b + 85, j + 3*b = 11 + 28. Suppose -24*x + 35531 = -52693. Suppose -46*o = -j*o - x. Is o a composite number?
False
Suppose 13*z - 21*z = -17664. Suppose -l + 5*k + z = 204, -4*l + 8070 = -2*k. Is l composite?
True
Is 4*(-10 + -11 + 1304481/12) prime?
True
Suppose 0 = 5*y + 3*j - 608809, 41087 = -y + 2*j + 162854. Is y a composite number?
False
Let x(y) = y**3 + 106*y**2 - 303*y - 351. Is x(-107) composite?
True
Suppose -3*b + 13 = 1. Suppose -o + t = -2*t + 1165, 3*t = b*o + 4615. Let l = -803 - o. Is l composite?
False
Suppose -2*i = -3*z + 26, -2*z + 29 = i - 0*i. Suppose -8 = -z*d + 8*d. Suppose f = -3*p + 589, 5*f - 